on factor of 43911 and 168.
21
What is the highest common divisor of 2272 and 355?
71
What is the highest common factor of 85 and 1360663?
17
What is the highest common divisor of 184403 and 61?
61
Calculate the greatest common factor of 106496 and 160.
32
What is the highest common divisor of 927 and 576?
9
What is the greatest common factor of 82778 and 2?
2
Calculate the highest common divisor of 1110 and 20970.
30
What is the highest common divisor of 1327 and 4?
1
What is the highest common factor of 1720 and 740?
20
What is the greatest common factor of 126 and 2450?
14
Calculate the greatest common divisor of 16564 and 6464.
404
Calculate the greatest common divisor of 36 and 7132.
4
What is the greatest common factor of 147 and 56301?
147
Calculate the greatest common divisor of 190022 and 17451.
1939
What is the greatest common factor of 92591 and 138013?
1747
What is the highest common factor of 23 and 1009401?
23
Calculate the greatest common factor of 369 and 139086.
9
What is the greatest common divisor of 3348 and 37350?
18
Calculate the highest common divisor of 2400 and 67392.
96
What is the greatest common factor of 600 and 134600?
200
What is the highest common divisor of 169778 and 7?
7
What is the greatest common factor of 240 and 36180?
60
What is the highest common divisor of 484791 and 954?
159
What is the highest common divisor of 233 and 79919?
233
What is the highest common divisor of 35622 and 18?
18
What is the highest common factor of 3796 and 39156?
52
What is the highest common factor of 215 and 584972?
43
Calculate the greatest common factor of 3206 and 2028482.
458
What is the greatest common divisor of 461748 and 47800?
956
What is the highest common factor of 3080 and 42196?
308
What is the highest common factor of 134265 and 15?
15
What is the greatest common factor of 2935713 and 561?
561
Calculate the greatest common factor of 101456 and 17.
17
Calculate the highest common factor of 1242 and 22977.
621
Calculate the greatest common factor of 13837 and 2329.
137
What is the highest common divisor of 126325 and 50?
25
What is the greatest common factor of 72 and 204300?
36
What is the greatest common divisor of 9392881 and 463?
463
What is the highest common divisor of 34 and 2584?
34
What is the highest common divisor of 834282 and 12?
6
What is the highest common factor of 612 and 1156986?
306
What is the highest common factor of 22442 and 2058?
98
Calculate the greatest common divisor of 187 and 1411.
17
What is the greatest common divisor of 1880 and 1280?
40
Calculate the highest common factor of 15321 and 27.
3
Calculate the greatest common factor of 21805 and 735.
245
What is the greatest common divisor of 28 and 3121006?
14
What is the highest common factor of 2261 and 4629559?
323
Calculate the highest common factor of 1444440 and 600.
120
What is the highest common factor of 702 and 22626?
54
Calculate the greatest common factor of 1812 and 2700.
12
Calculate the highest common divisor of 347 and 405296.
347
What is the greatest common divisor of 18164 and 152?
76
Calculate the highest common divisor of 330 and 79090.
110
What is the highest common divisor of 5 and 598685?
5
Calculate the greatest common divisor of 370906 and 12.
2
What is the greatest common factor of 22838 and 418?
38
Calculate the greatest common factor of 2989 and 28426.
61
What is the highest common divisor of 2728758 and 159?
159
What is the greatest common divisor of 1580 and 90?
10
Calculate the greatest common divisor of 4898 and 45662.
158
What is the greatest common factor of 12 and 43776?
12
What is the greatest common factor of 1444 and 316?
4
What is the highest common factor of 2472 and 3984?
24
What is the greatest common factor of 18228 and 5177?
31
What is the highest common divisor of 2310 and 26730?
330
Calculate the greatest common divisor of 128 and 6027904.
128
What is the greatest common factor of 16701 and 30?
3
What is the highest common divisor of 38 and 310802?
38
Calculate the highest common factor of 650 and 550.
50
Calculate the greatest common factor of 30784 and 272896.
832
What is the greatest common divisor of 161 and 267442?
7
Calculate the greatest common divisor of 55304 and 28024.
248
What is the greatest common factor of 27951 and 84?
21
Calculate the highest common divisor of 300972 and 21.
21
What is the greatest common divisor of 6346 and 8350?
334
What is the highest common divisor of 441500 and 200?
100
What is the highest common divisor of 245528 and 1692?
188
Calculate the highest common divisor of 4850 and 16850.
50
What is the highest common divisor of 146 and 1269178?
146
Calculate the greatest common factor of 8027 and 35947.
349
Calculate the highest common divisor of 8823 and 3264.
51
Calculate the greatest common factor of 1674 and 108.
54
What is the greatest common factor of 27 and 8658?
9
Calculate the greatest common factor of 50 and 314625.
25
What is the greatest common divisor of 380 and 1292?
76
What is the greatest common factor of 950226 and 6?
6
What is the greatest common divisor of 2187 and 45?
9
What is the greatest common divisor of 2686 and 20066?
158
Calculate the greatest common factor of 87 and 8439.
87
Calculate the greatest common factor of 6788509 and 273.
91
Calculate the greatest common factor of 960 and 1635.
15
Calculate the greatest common divisor of 17490 and 1320.
330
What is the greatest common divisor of 1448089 and 337?
337
Calculate the highest common divisor of 147 and 1797.
3
What is the highest common divisor of 170748 and 28?
4
What is the greatest common factor of 18 and 148116?
6
Calculate the highest common divisor of 18396 and 96264.
252
Calculate the highest common factor of 269151 and 292.
73
Calculate the highest common divisor of 25 and 329125.
25
Calculate the greatest common factor of 1295 and 130.
5
Calculate the highest common divisor of 63 and 49224.
21
Calculate the highest common divisor of 354203 and 254.
127
What is the greatest common factor of 11430 and 4990338?
2286
Calculate the greatest common factor of 2361 and 215638.
787
What is the greatest common divisor of 1602 and 26967?
267
Calculate the highest common factor of 5263 and 95.
19
What is the highest common divisor of 544 and 31144?
136
Calculate the greatest common factor of 30264 and 168.
24
Calculate the highest common factor of 136670 and 79.
79
What is the greatest common divisor of 1833 and 416?
13
Calculate the greatest common divisor of 2688 and 631176.
168
Calculate the greatest common divisor of 20088 and 32.
8
What is the highest common factor of 224378 and 42?
14
Calculate the highest common factor of 463 and 119.
1
Calculate the greatest common divisor of 49215 and 30880.
965
What is the highest common factor of 109143 and 2715?
543
What is the greatest common factor of 92 and 206333?
23
Calculate the greatest common factor of 432 and 480.
48
Calculate the highest common divisor of 818 and 1213094.
818
What is the greatest common factor of 29536 and 24544?
416
What is the highest common factor of 493 and 1751?
17
What is the highest common divisor of 48792 and 6384?
456
Calculate the highest common divisor of 3430 and 2570.
10
What is the highest common factor of 705848 and 2860?
572
What is the highest common divisor of 20 and 4010520?
20
Calculate the greatest common divisor of 20400 and 2640.
240
What is the highest common factor of 11194 and 58?
58
Calculate the highest common factor of 456 and 547656.
456
What is the greatest common factor of 4086 and 384?
6
Calculate the highest common factor of 34398 and 20358.
702
What is the highest common divisor of 80393 and 136?
17
Calculate the highest common divisor of 5859 and 1.
1
Calculate the highest common factor of 39 and 3433248.
39
Calculate the greatest common divisor of 16936 and 696.
232
What is the highest common factor of 136535 and 913?
83
Calculate the highest common divisor of 3030 and 300.
30
What is the highest common factor of 61690 and 19840?
310
Calculate the greatest common factor of 2755995 and 77.
11
What is the highest common factor of 133 and 109250?
19
What is the highest common factor of 58 and 177857?
29
What is the greatest common factor of 205632 and 17442?
918
What is t